0002
In base 9, what is -6866 + -2571?
-10547
In base 7, what is -1205 + -2530130?
-2531335
In base 6, what is -5 + 14113425045?
14113425040
In base 5, what is 3 - -2232241434?
2232241442
In base 13, what is 51a60 - 192?
5189b
In base 3, what is 11111110200 + -1211?
11111101212
In base 10, what is 96723 + -5?
96718
In base 3, what is 11222 - -22201122222220?
22201200011212
In base 10, what is 219237344 - 2?
219237342
In base 9, what is 507032 - -271?
507313
In base 10, what is -7 - -1788907?
1788900
In base 13, what is 72 + 290414?
290486
In base 8, what is 21023534 + 0?
21023534
In base 11, what is -350 - 280985?
-281225
In base 7, what is -3 - -154324464?
154324461
In base 12, what is -109b6397 - 0?
-109b6397
In base 4, what is -113112 + 301213331?
301100213
In base 9, what is -3 - -41325888?
41325885
In base 15, what is -3b0828 + -1e?
-3b0847
In base 9, what is -41470 + -354?
-41834
In base 5, what is 13211 - -21412324?
21431040
In base 2, what is -10 - 100110100000001111011000000?
-100110100000001111011000010
In base 14, what is 5 + -8c5275a?
-8c52755
In base 8, what is -1010 - -51623?
50613
In base 16, what is -8079 - 21d?
-8296
In base 4, what is -1212233202 + -1221?
-1212301023
In base 3, what is -2200022110101 + 2?
-2200022110022
In base 13, what is -2 + -ba183a2?
-ba183a4
In base 16, what is 2d - -140471?
14049e
In base 14, what is -c9022 + 125?
-c8cdb
In base 2, what is 10001011100000110101 - -110?
10001011100000111011
In base 5, what is 2210143 + -23110?
2132033
In base 16, what is -1c61d1 + 135?
-1c609c
In base 4, what is -101 + -13302311203?
-13302311310
In base 16, what is -2 - -4aec45?
4aec43
In base 6, what is 133 + 1200355?
1200532
In base 8, what is -60026 - -20544?
-37262
In base 12, what is -26 - -4a304?
4a29a
In base 15, what is 1d5 - 2d3b?
-2b56
In base 14, what is 6c9a8 + -55?
6c953
In base 11, what is -8 - -a39914?
a39907
In base 6, what is 4525315 - 2025?
4523250
In base 10, what is 1397 - -47?
1444
In base 11, what is 31 + 313973?
3139a4
In base 9, what is -11 + 103406557?
103406546
In base 10, what is 2217 - -56?
2273
In base 15, what is -73ac - -5b83?
-1729
In base 8, what is 254 + -701713?
-701437
In base 11, what is 2188749 + -1?
2188748
In base 10, what is -30292 - -400?
-29892
In base 14, what is 6 + -53ba349?
-53ba343
In base 13, what is -16021210 + 3?
-1602120a
In base 7, what is 41 + 11566062?
11566133
In base 10, what is 928 - -18443?
19371
In base 8, what is 2 - 4055655?
-4055653
In base 13, what is -4 - -314b78?
314b74
In base 12, what is 252a - -1013?
3541
In base 16, what is 710d - -3fa?
7507
In base 16, what is -23c03d4 - 3?
-23c03d7
In base 3, what is -10212101002 - 22?
-10212101101
In base 2, what is -10111010001101011111100110000 + -11?
-10111010001101011111100110011
In base 12, what is -175646 - 87?
-175711
In base 5, what is -31210441 - 3020?
-31214011
In base 7, what is 3303 + -506?
2464
In base 13, what is -23 + ca770?
ca74a
In base 11, what is 1 - 748706?
-748705
In base 14, what is 6359 - -1a2c?
7d87
In base 15, what is 4 - -a33bb71?
a33bb75
In base 5, what is -1 - -410022123011?
410022123010
In base 5, what is -1431031202 + 2?
-1431031200
In base 14, what is ad - 91bd4b?
-91bc7c
In base 14, what is -71ab0c7 + -b?
-71ab0d4
In base 9, what is 5 - -127360?
127365
In base 13, what is 21118 - -40?
21158
In base 5, what is -12 - 13430311022?
-13430311034
In base 15, what is 477 - -1a6?
62d
In base 15, what is 151788 + -6?
151782
In base 16, what is -a - f2a952?
-f2a95c
In base 8, what is -26 + 112672756?
112672730
In base 9, what is 4036838 - 17?
4036821
In base 6, what is 231 + 1255454?
1300125
In base 11, what is -49a98 + -13490?
-62478
In base 4, what is 0 - 321102022123?
-321102022123
In base 15, what is -9 + 941c6a?
941c61
In base 3, what is 0 - 111012121120?
-111012121120
In base 6, what is 100242 + -20330?
35512
In base 4, what is -1111211322 - -21?
-1111211301
In base 4, what is 133223110 + 133?
133223303
In base 4, what is -13221 + -1132222?
-1212103
In base 14, what is 4124bb6 + -2?
4124bb4
In base 4, what is 12133321 + 332321?
13132302
In base 10, what is 2197420 + -14?
2197406
In base 4, what is -1010 - 32203121?
-32210131
In base 15, what is 39b1 - -30cc?
6a8d
In base 9, what is 2 + 3382543?
3382545
In base 5, what is -2 + 101312323233?
101312323231
In base 14, what is -431ad1 + 2b?
-431aa4
In base 5, what is 2232 - -4023412?
4031144
In base 11, what is 46 - -45691?
45727
In base 10, what is 3775 - 314089?
-310314
In base 6, what is 1051301 - 1130?
1050131
In base 2, what is -10100001111100100110110 - -10?
-10100001111100100110100
In base 6, what is -155515140 - -5?
-155515131
In base 4, what is 110 + -10301121122?
-10301121012
In base 9, what is -12 + 2082454?
2082442
In base 10, what is 11719 + 1404?
13123
In base 9, what is -185643 - -1082?
-184551
In base 6, what is 322153210 - -5?
322153215
In base 11, what is 3 + -6a77304?
-6a77301
In base 9, what is -564140 + 3?
-564136
In base 12, what is 4493 - 11900?
-9429
In base 10, what is 303006 + 858?
303864
In base 8, what is -33471221 + 4?
-33471215
In base 9, what is 1 + -3022435?
-3022434
In base 10, what is -80364 + 4982?
-75382
In base 2, what is -1111110100111101111 - -110?
-1111110100111101001
In base 14, what is -5c09 - 37b?
-6186
In base 6, what is -1200 + -22153?
-23353
In base 6, what is 1 + 512314420?
512314421
In base 13, what is 1b - -811c8?
81216
In base 11, what is -21 - -32a07?
32996
In base 3, what is -211111 - 201102211102?
-201110122220
In base 16, what is 3e914 - 38?
3e8dc
In base 15, what is -3db7c76 - 3?
-3db7c79
In base 5, what is -43314024 - -130?
-43313344
In base 12, what is -493 + 12139b?
120b08
In base 5, what is 2 + 223421224313?
223421224320
In base 7, what is -5631144 - 6?
-5631153
In base 12, what is -3403a563 - 0?
-3403a563
In base 16, what is -b72d8 - 9b?
-b7373
In base 8, what is 52441 - 12433?
40006
In base 2, what is -1 + -10010010111101110111?
-10010010111101111000
In base 6, what is -10224044 + -23525?
-10252013
In base 9, what is 11636 - 216?
11420
In base 13, what is 10 + 8c4593?
8c45a3
In base 5, what is 413 + -132234044?
-132233131
In base 6, what is -22403322 + 200?
-22403122
In base 10, what is 361 - -251?
612
In base 10, what is 1555 - -6528?
8083
In base 11, what is -a714 - -785?
-9a3a
In base 6, what is -231451 - -22?
-231425
In base 12, what is 7 - -4a0243?
4a024a
In base 2, what is 110001111101110010100 - -10?
110001111101110010110
In base 6, what is -50014400 - -10?
-50014350
In base 6, what is -5335 - 11045505?
-11055244
In base 10, what is 2 - 13557665?
-13557663
In base 3, what is -1111 + -12000101102?
-12000102220
In base 12, what is 1aa227 + -340?
1a9aa7
In base 3, what is 121212000200122200 - -20?
121212000200122220
In base 6, what is 3 - -554425445?
554425452
In base 6, what is 21 - -514044405?
514044430
In base 7, what is -1621155042 + 4?
-1621155035
In base 8, what is 142076244 - 3?
142076241
In base 8, what is -411117151 + -3?
-411117154
In base 11, what is 23a - -45294?
45523
In base 8, what is 0 + -1550165232?
-1550165232
In base 5, what is 30110114 - -4212?
30114331
In base 14, what is 2 + 2d23bd53?
2d23bd55
In base 7, what is 1045503 - 44?
1045426
In base 7, what is 1312 + -41445?
-40133
In base 13, what is -8 + -22849?
-22854
In base 3, what is -22 + 110100221121011?
110100221120212
In base 5, what is -1000 - -1103404?
1102404
In base 11, what is -1072 - -335?
-838
In base 16, what is -46d - 57420?
-5788d
In base 12, what is -2 + -1142194?
-1142196
In base 4, what is -3033210212 - -10?
-3033210202
In base 16, what is 10 + -2c3bb?
-2c3ab
In base 16, what is c25d - 1ed7?
a386
In base 8, what is 7100501 - 74?
7100405
In base 3, what is 1210 + 11122020101120?
11122020110100
In base 8, what is -1131575 - 5?
-1131602
In base 13, what is -5 - -33ccc3a?
33ccc35
In base 16, what is -1a1 + 3b7?
216
In base 6, what is -3125 + -252141?
-255310
In base 6, what is 213410321 + 3?
213410324
In base 7, what is 3 - 22350342?
-22350336
In base 13, what is 246 + b9401?
b9647
In base 11, what is 4 - 8621a78?
-8621a74
In base 8, what is 7731 - -411?
10342
In base 16, what is 186f + -1623?
24c
In base 11, what is 70759031 - 3?
70759029
In base 13, what is -4 - -945407?
945403
In base 8, wh